{"id":195,"date":"2018-10-05T20:38:43","date_gmt":"2018-10-05T20:38:43","guid":{"rendered":"https:\/\/www.kusd.edu\/bullen-staging\/?page_id=195"},"modified":"2025-08-25T16:01:57","modified_gmt":"2025-08-25T21:01:57","slug":"who-to-contact","status":"publish","type":"page","link":"https:\/\/www.kusd.edu\/bullen\/information\/who-to-contact\/","title":{"rendered":"Contact Us"},"content":{"rendered":"<p><strong>Bullen Middle School<br \/>\n<\/strong>2804 39th Avenue<br \/>\nKenosha, WI 53144<\/p>\n<p><strong>Telephone:<\/strong> 262-359-4460<br \/>\n<strong>Fax:<\/strong> 262-359-3818<\/p>\n<p><strong>Principal:<\/strong> Matt St. Martin &#8211; <a href=\"mailto:mstmarti@kusd.edu\">mstmarti@kusd.edu<\/a><\/p>\n<p><strong>Administrative Specialist:<\/strong> Beth Nottingham &#8211; <a href=\"mailto:bnotting@kusd.edu\">bnotting@kusd.edu<\/a><\/p>\n<hr \/>\n<h2>Whom should I contact?- Haga <a href=\"https:\/\/docs.google.com\/document\/d\/1oQJqzl6SLkLCM159d-R6lej8spsL8RBTX3Y83zInWMU\/edit#bookmark=id.ar5enwhui55q\">clic aqu\u00ed<\/a> para espa\u00f1ol.<\/h2>\n<p><span style=\"font-weight: 400\">As hard as we try, schools can be confusing places to parents\/guardians and community members. In our ongoing effort to be more family and community orientated, the following chart has been created. Please see below for specific people to contact. If you have any questions regarding the chart, please contact the Bullen Main Office at 359-4460. Thank you.<\/span><\/p>\n<table border=\"1\" cellspacing=\"0\" cellpadding=\"5\">\n<tbody>\n<tr style=\"height: 50px\">\n<td style=\"height: 50px\"><b>Question\/Concern<\/b><\/td>\n<td style=\"height: 50px\"><b>1st Contact<\/b><\/td>\n<td style=\"height: 50px\"><b>2nd Contact<\/b><\/td>\n<td style=\"height: 50px\"><b>3rd Contact<\/b><\/td>\n<\/tr>\n<tr style=\"height: 50px\">\n<td style=\"height: 50px\"><span style=\"font-weight: 400\">Academic progress<\/span><\/td>\n<td style=\"height: 50px\"><a href=\"https:\/\/campus.kusd.edu\/campus\/portal\/kenosha_unified.jsp\"><span style=\"font-weight: 400\">Infinite Campus Portal<\/span><\/a><\/td>\n<td style=\"height: 50px\"><span style=\"font-weight: 400\">Teacher<\/span><\/td>\n<td style=\"height: 50px\"><span style=\"font-weight: 400\">Counselor<\/span><\/td>\n<\/tr>\n<tr style=\"height: 50px\">\n<td style=\"height: 50px\"><span style=\"font-weight: 400\">Class schedule\/ class selection<\/span><\/td>\n<td style=\"height: 50px\"><span style=\"font-weight: 400\">Counselor<\/span><\/td>\n<td style=\"height: 50px\"><span style=\"font-weight: 400\">Assistant Principal<\/span><\/td>\n<td style=\"height: 50px\"><span style=\"font-weight: 400\">Principal<\/span><\/td>\n<\/tr>\n<tr style=\"height: 50px\">\n<td style=\"height: 50px\"><span style=\"font-weight: 400\">Discipline issue in class<\/span><\/td>\n<td style=\"height: 50px\"><span style=\"font-weight: 400\">Teacher<\/span><\/td>\n<td style=\"height: 50px\"><span style=\"font-weight: 400\">Dean of Students<\/span><\/td>\n<td style=\"height: 50px\"><span style=\"font-weight: 400\">Assistant Principal<\/span><\/td>\n<\/tr>\n<tr style=\"height: 50px\">\n<td style=\"height: 50px\"><span style=\"font-weight: 400\">Student received a referral<\/span><\/td>\n<td style=\"height: 50px\"><span style=\"font-weight: 400\">Dean<\/span><\/td>\n<td style=\"height: 50px\"><span style=\"font-weight: 400\">Principal<\/span><\/td>\n<td style=\"height: 50px\"><span style=\"font-weight: 400\">Assistant Principal<\/span><\/td>\n<\/tr>\n<tr style=\"height: 72px\">\n<td style=\"height: 72px\"><span style=\"font-weight: 400\">Special Education question<\/span><\/td>\n<td style=\"height: 72px\"><span style=\"font-weight: 400\">Special Education teacher<\/span><\/td>\n<td style=\"height: 72px\"><span style=\"font-weight: 400\">Assistant Principal<\/span><\/td>\n<td style=\"height: 72px\"><span style=\"font-weight: 400\">Principal<\/span><\/td>\n<\/tr>\n<tr style=\"height: 72px\">\n<td style=\"height: 72px\"><span style=\"font-weight: 400\">Behavioral\/ Emotional issues<\/span><\/td>\n<td style=\"height: 72px\"><span style=\"font-weight: 400\">Counselor<\/span><\/td>\n<td style=\"height: 72px\"><span style=\"font-weight: 400\">School Psychologist\/ Social Worker<\/span><\/td>\n<td style=\"height: 72px\"><span style=\"font-weight: 400\">Principal<\/span><\/td>\n<\/tr>\n<tr style=\"height: 108px\">\n<td style=\"height: 108px\"><span style=\"font-weight: 400\">Attendance<\/span><\/td>\n<td style=\"height: 108px\"><span style=\"font-weight: 400\">Main Office &#8211; (Ms. Vaughn)<\/span><\/p>\n<p><span style=\"font-weight: 400\">(359-4460)<\/span><\/td>\n<td style=\"height: 108px\"><span style=\"font-weight: 400\">Attendance secretary<\/span><\/p>\n<p><span style=\"font-weight: 400\">(359-4486)<\/span><\/td>\n<td style=\"height: 108px\"><span style=\"font-weight: 400\">Assistant Principal<\/span><\/td>\n<\/tr>\n<tr style=\"height: 72px\">\n<td style=\"height: 72px\"><span style=\"font-weight: 400\">Grades\/ Assessment<\/span><\/td>\n<td style=\"height: 72px\"><span style=\"font-weight: 400\">Teacher<\/span><\/td>\n<td style=\"height: 72px\"><span style=\"font-weight: 400\">Counselor<\/span><\/td>\n<td style=\"height: 72px\"><span style=\"font-weight: 400\">Assistant Principal\/ Principal<\/span><\/td>\n<\/tr>\n<tr style=\"height: 72px\">\n<td style=\"height: 72px\"><span style=\"font-weight: 400\">Alcohol\/ Drug Abuse<\/span><\/td>\n<td style=\"height: 72px\"><span style=\"font-weight: 400\">Counselor<\/span><\/td>\n<td style=\"height: 72px\"><span style=\"font-weight: 400\">School Psychologist\/ Social Worker<\/span><\/td>\n<td style=\"height: 72px\"><span style=\"font-weight: 400\">Assistant Principal\/ Principal<\/span><\/td>\n<\/tr>\n<tr style=\"height: 86px\">\n<td style=\"height: 86px\"><span style=\"font-weight: 400\">Busing (behavior issues)<\/span><\/td>\n<td style=\"height: 86px\"><span style=\"font-weight: 400\">First Student<\/span><\/td>\n<td style=\"height: 86px\"><span style=\"font-weight: 400\">Dean of Students<\/span><\/p>\n<p><span style=\"font-weight: 400\">(359-2615)<\/span><\/td>\n<td style=\"height: 86px\"><span style=\"font-weight: 400\">Assistant Principal<\/span><\/td>\n<\/tr>\n<tr style=\"height: 50px\">\n<td style=\"height: 50px\"><span style=\"font-weight: 400\">Busing (Routes and Passes)<\/span><\/td>\n<td style=\"height: 50px\"><span style=\"font-weight: 400\">Main Office<\/span><\/td>\n<td style=\"height: 50px\"><span style=\"font-weight: 400\">District Transportation Office<\/span><\/td>\n<td style=\"height: 50px\"><\/td>\n<\/tr>\n<tr style=\"height: 50px\">\n<td style=\"height: 50px\"><span style=\"font-weight: 400\">Issue with classroom teacher<\/span><\/td>\n<td style=\"height: 50px\"><span style=\"font-weight: 400\">Teacher<\/span><\/td>\n<td style=\"height: 50px\"><span style=\"font-weight: 400\">Assistant Principal<\/span><\/td>\n<td style=\"height: 50px\"><span style=\"font-weight: 400\">Principal<\/span><\/td>\n<\/tr>\n<tr style=\"height: 50px\">\n<td style=\"height: 50px\"><span style=\"font-weight: 400\">Calendar for school activities<\/span><\/td>\n<td style=\"height: 50px\"><span style=\"font-weight: 400\">Main Office<\/span><\/td>\n<td style=\"height: 50px\"><span style=\"font-weight: 400\">\u00a0<\/span><\/td>\n<td style=\"height: 50px\"><span style=\"font-weight: 400\">\u00a0<\/span><\/td>\n<\/tr>\n<tr style=\"height: 50px\">\n<td style=\"height: 50px\"><span style=\"font-weight: 400\">Financial Assistance<\/span><\/td>\n<td style=\"height: 50px\"><span style=\"font-weight: 400\">Social Worker<\/span><\/td>\n<td style=\"height: 50px\"><span style=\"font-weight: 400\">Principal\/ Assistant Principal<\/span><\/td>\n<td style=\"height: 50px\"><span style=\"font-weight: 400\">\u00a0<\/span><\/td>\n<\/tr>\n<tr style=\"height: 86px\">\n<td style=\"height: 86px\"><span style=\"font-weight: 400\">Food Service<\/span><\/td>\n<td style=\"height: 86px\"><span style=\"font-weight: 400\">Food Service Manager<\/span><\/p>\n<p><span style=\"font-weight: 400\">(359-4100)<\/span><\/td>\n<td style=\"height: 86px\"><span style=\"font-weight: 400\">Main Office<\/span><\/td>\n<td style=\"height: 86px\"><span style=\"font-weight: 400\">\u00a0<\/span><\/td>\n<\/tr>\n<tr style=\"height: 50px\">\n<td style=\"height: 50px\"><span style=\"font-weight: 400\">Field Trips<\/span><\/td>\n<td style=\"height: 50px\"><span style=\"font-weight: 400\">Teacher<\/span><\/td>\n<td style=\"height: 50px\"><span style=\"font-weight: 400\">Principal<\/span><\/td>\n<td style=\"height: 50px\"><span style=\"font-weight: 400\">\u00a0<\/span><\/td>\n<\/tr>\n<tr style=\"height: 50px\">\n<td style=\"height: 50px\"><span style=\"font-weight: 400\">Registration<\/span><\/td>\n<td style=\"height: 50px\"><span style=\"font-weight: 400\">Main Office- (Ms. Dejno)<\/span><\/td>\n<td style=\"height: 50px\"><span style=\"font-weight: 400\">\u00a0<\/span><\/td>\n<td style=\"height: 50px\"><span style=\"font-weight: 400\">\u00a0<\/span><\/td>\n<\/tr>\n<tr style=\"height: 86px\">\n<td style=\"height: 86px\"><span style=\"font-weight: 400\">Fees<\/span><\/td>\n<td style=\"height: 86px\"><span style=\"font-weight: 400\">Main Office-\u00a0<\/span><\/p>\n<p><span style=\"font-weight: 400\">(Ms. Nottingham)<\/span><\/td>\n<td style=\"height: 86px\"><span style=\"font-weight: 400\">\u00a0<\/span><\/td>\n<td style=\"height: 86px\"><span style=\"font-weight: 400\">\u00a0<\/span><\/td>\n<\/tr>\n<tr style=\"height: 72px\">\n<td style=\"height: 72px\"><span style=\"font-weight: 400\">Lockers\/ Locks<\/span><\/td>\n<td style=\"height: 72px\"><span style=\"font-weight: 400\">Main Office- (Ms. Vaughn)<\/span><\/td>\n<td style=\"height: 72px\"><span style=\"font-weight: 400\">\u00a0<\/span><\/td>\n<td style=\"height: 72px\"><span style=\"font-weight: 400\">\u00a0<\/span><\/td>\n<\/tr>\n<tr style=\"height: 72px\">\n<td style=\"height: 72px\"><span style=\"font-weight: 400\">School Involvement with outside agencies<\/span><\/td>\n<td style=\"height: 72px\"><span style=\"font-weight: 400\">Counselor<\/span><\/td>\n<td style=\"height: 72px\"><span style=\"font-weight: 400\">Social Worker<\/span><\/td>\n<td style=\"height: 72px\"><span style=\"font-weight: 400\">Assistant Principal\/ Principal<\/span><\/td>\n<\/tr>\n<tr style=\"height: 72px\">\n<td style=\"height: 72px\"><span style=\"font-weight: 400\">Health Concerns<\/span><\/td>\n<td style=\"height: 72px\"><span style=\"font-weight: 400\">School Nurse<\/span><\/td>\n<td style=\"height: 72px\"><span style=\"font-weight: 400\">Counselor<\/span><\/td>\n<td style=\"height: 72px\"><span style=\"font-weight: 400\">Assistant Principal\/ Principal<\/span><\/td>\n<\/tr>\n<tr style=\"height: 50px\">\n<td style=\"height: 50px\"><span style=\"font-weight: 400\">School Policies\/ Procedures<\/span><\/td>\n<td style=\"height: 50px\"><span style=\"font-weight: 400\">Principal<\/span><\/td>\n<td style=\"height: 50px\"><span style=\"font-weight: 400\">\u00a0<\/span><\/td>\n<td style=\"height: 50px\"><span style=\"font-weight: 400\">\u00a0<\/span><\/td>\n<\/tr>\n<tr style=\"height: 50px\">\n<td style=\"height: 50px\"><span style=\"font-weight: 400\">Summer School<\/span><\/td>\n<td style=\"height: 50px\"><span style=\"font-weight: 400\">Assistant Principal<\/span><\/td>\n<td style=\"height: 50px\"><span style=\"font-weight: 400\">\u00a0<\/span><\/td>\n<td style=\"height: 50px\"><span style=\"font-weight: 400\">\u00a0<\/span><\/td>\n<\/tr>\n<\/tbody>\n<\/table>\n<hr \/>\n<h2><b>Contact Names and Phone Directory:<\/b><\/h2>\n<ul>\n<li style=\"font-weight: 400\"><span style=\"font-weight: 400\">Main Office: (262) 359-4460<\/span><\/li>\n<li style=\"font-weight: 400\"><span style=\"font-weight: 400\">Dean of Students:<\/span>\n<ul>\n<li><span style=\"font-weight: 400\">Mr. <\/span><a href=\"mailto:abushman@kusd.edu\"><span style=\"font-weight: 400\">Andy Bushman<\/span><\/a><span style=\"font-weight: 400\">&#8211; 359-2615 (6th grade)<\/span><\/li>\n<li><span style=\"font-weight: 400\">Mr. <a href=\"mailto:dglewen@kusd.edu\">Daniel Glewen<\/a> &#8211; 359-2615 (7th grade)<\/span><\/li>\n<li style=\"font-weight: 400\"><span style=\"font-weight: 400\">Mr. <\/span><a href=\"mailto:rgladem@kusd.edu\"><span style=\"font-weight: 400\">Rob Gladem<\/span><\/a><span style=\"font-weight: 400\">&#8211; 359-2615 (8th grade)<\/span><\/li>\n<\/ul>\n<\/li>\n<li style=\"font-weight: 400\"><span style=\"font-weight: 400\">Counselors:<\/span>\n<ul>\n<li><span style=\"font-weight: 400\">Ms. <a href=\"mailto:bmontee@kusd.edu\">Babette Montee<\/a><\/span><span style=\"font-weight: 400\"> &#8211; 359-4469 (6th grade)<\/span><\/li>\n<li style=\"font-weight: 400\"><span style=\"font-weight: 400\">Mr. <a href=\"mailto:hlugo@kusd.edu\">Hansel Lugo<\/a> &#8211; 359-4468 (7th grade)<\/span><\/li>\n<li style=\"font-weight: 400\"><span style=\"font-weight: 400\">Ms. <\/span><a href=\"mailto:smhodges@kusd.edu\"><span style=\"font-weight: 400\">Shauna Hodges<\/span><\/a><span style=\"font-weight: 400\">&#8211; 359-4466 (8th grade)<\/span><\/li>\n<li style=\"font-weight: 400\"><span style=\"font-weight: 400\">Social Worker: Ms. <a href=\"mailto:tmalom@kusd.edu\">Taylor Malom<\/a> &#8211; 359-446<\/span><span style=\"font-weight: 400\">7<\/span><\/li>\n<\/ul>\n<\/li>\n<li style=\"font-weight: 400\"><span style=\"font-weight: 400\">School Psychologist: Ms. <\/span><a href=\"mailto:kdonner@kusd.edu\"><span style=\"font-weight: 400\">Katie Donner<\/span><\/a><span style=\"font-weight: 400\">&#8211; 359-4066<\/span><\/li>\n<li style=\"font-weight: 400\"><span style=\"font-weight: 400\">School Nurse: Ms. <\/span><a href=\"mailto:ldavidso@kusd.edu\"><span style=\"font-weight: 400\">Laura Davidson<\/span><\/a><span style=\"font-weight: 400\">&#8211; 359-2240<\/span><\/li>\n<li style=\"font-weight: 400\"><span style=\"font-weight: 400\">Food Service: Ms. <\/span><a href=\"mailto:rbolyard@kusd.edu\"><span style=\"font-weight: 400\">Ruth Bolyard<\/span><\/a><span style=\"font-weight: 400\">&#8211; 359-4100<\/span><\/li>\n<li style=\"font-weight: 400\"><span style=\"font-weight: 400\">First Student Bus Company: 657-7155<\/span><\/li>\n<li style=\"font-weight: 400\"><span style=\"font-weight: 400\">Kenosha Transit (city bus): 653-4287<\/span><\/li>\n<li style=\"font-weight: 400\"><span style=\"font-weight: 400\">KUSD Transportation Office: 359-6391<\/span><\/li>\n<\/ul>\n<hr \/>\n<h2><b>A qui\u00e9n debo contactar?- Haga <\/b><a href=\"https:\/\/docs.google.com\/document\/d\/1pUCYiD4S-Ls_K0uU02QAbzW22NkZJYGVFYCvuZZLqqY\/edit#heading=h.mqnbnc4w7utv\"><b>clic aqu\u00ed<\/b><\/a> <b>para espa\u00f1ol.<\/b><\/h2>\n<p><span style=\"font-weight: 400\">Por mucho que lo intentemos, las escuelas pueden ser lugares confusos para los padres\/tutores y miembros de la comunidad. En nuestro esfuerzo continuo por estar m\u00e1s orientados a la familia y la comunidad, se ha creado el siguiente cuadro. Consulte a continuaci\u00f3n las personas espec\u00edficas a contactar. Si tiene alguna pregunta sobre el cuadro, comun\u00edquese con la oficina principal de Bullen al 359-4460. Gracias.<\/span><\/p>\n<table border=\"1\" cellspacing=\"0\" cellpadding=\"5\">\n<tbody>\n<tr>\n<td><b>Pregunta\/inquietud<\/b><\/td>\n<td><b>1er contacto<\/b><\/td>\n<td><b>2do contacto<\/b><\/td>\n<td><b>3er contacto<\/b><\/td>\n<\/tr>\n<tr>\n<td><span style=\"font-weight: 400\">Progreso acad\u00e9mico<\/span><\/td>\n<td><a href=\"https:\/\/campus.kusd.edu\/campus\/portal\/kenosha_unified.jsp\"><span style=\"font-weight: 400\">Infinite Campus Portal<\/span><\/a><\/td>\n<td><span style=\"font-weight: 400\">Maestro<\/span><\/td>\n<td><span style=\"font-weight: 400\">Consejero<\/span><\/td>\n<\/tr>\n<tr>\n<td><span style=\"font-weight: 400\">Horario de clase\/selecci\u00f3n<\/span><\/td>\n<td><span style=\"font-weight: 400\">Consejero<\/span><\/td>\n<td><span style=\"font-weight: 400\">Subdirector<\/span><\/td>\n<td><span style=\"font-weight: 400\">Director<\/span><\/td>\n<\/tr>\n<tr>\n<td><span style=\"font-weight: 400\">Problema de disciplina en la clase<\/span><\/td>\n<td><span style=\"font-weight: 400\">Maestro<\/span><\/td>\n<td><span style=\"font-weight: 400\">Decano de estudiantes<\/span><\/td>\n<td><span style=\"font-weight: 400\">Subdirector El<\/span><\/td>\n<\/tr>\n<tr>\n<td><span style=\"font-weight: 400\">estudiante recibi\u00f3 una remisi\u00f3n<\/span><\/td>\n<td><span style=\"font-weight: 400\">Decano<\/span><\/td>\n<td><span style=\"font-weight: 400\">Principal<\/span><\/td>\n<td><span style=\"font-weight: 400\">Subdirector<\/span><\/td>\n<\/tr>\n<tr>\n<td><span style=\"font-weight: 400\">Pregunta sobre educaci\u00f3n<\/span><\/td>\n<td><span style=\"font-weight: 400\">maestro<\/span><\/td>\n<td><span style=\"font-weight: 400\">Asistente deDirectora<\/span><\/td>\n<td><span style=\"font-weight: 400\">Directora<\/span><\/td>\n<\/tr>\n<tr>\n<td><span style=\"font-weight: 400\">Problemas emocionales\/de comportamiento<\/span><\/td>\n<td><span style=\"font-weight: 400\">Consejero<\/span><\/td>\n<td><span style=\"font-weight: 400\">Psic\u00f3loga escolar\/ Trabajadora social<\/span><\/td>\n<td><span style=\"font-weight: 400\">principal<\/span><\/td>\n<\/tr>\n<tr>\n<td><span style=\"font-weight: 400\">asistencia<\/span><\/td>\n<td><span style=\"font-weight: 400\">&#8211; (Sra. Vaughn)<\/span><\/p>\n<p><span style=\"font-weight: 400\">(359-4460)<\/span><\/td>\n<td><span style=\"font-weight: 400\">Secretaria de asistencia<\/span><\/p>\n<p><span style=\"font-weight: 400\">(359-4486)<\/span><\/td>\n<td><span style=\"font-weight: 400\">Subdirectora<\/span><\/td>\n<\/tr>\n<tr>\n<td><span style=\"font-weight: 400\">Calificaciones\/Evaluaci\u00f3n<\/span><\/td>\n<td><span style=\"font-weight: 400\">Maestra<\/span><\/td>\n<td><span style=\"font-weight: 400\">Consejera<\/span><\/td>\n<td><span style=\"font-weight: 400\">Subdirectora\/ Directora<\/span><\/td>\n<\/tr>\n<tr>\n<td><span style=\"font-weight: 400\">de abuso de alcohol\/drogas<\/span><\/td>\n<td><span style=\"font-weight: 400\">Consejera<\/span><\/td>\n<td><span style=\"font-weight: 400\">Psic\u00f3logo escolar\/ Trabajador social<\/span><\/td>\n<td><span style=\"font-weight: 400\">Subdirector\/<\/span><\/td>\n<\/tr>\n<tr>\n<td><span style=\"font-weight: 400\">(problemas de comportamiento)<\/span><\/td>\n<td><span style=\"font-weight: 400\">Primer estudiante<\/span><\/td>\n<td><span style=\"font-weight: 400\">Decano de estudiantes<\/span><\/p>\n<p><span style=\"font-weight: 400\">(359-2615)<\/span><\/td>\n<td><span style=\"font-weight: 400\">Subdirector<\/span><\/td>\n<\/tr>\n<tr>\n<td><span style=\"font-weight: 400\">autobuses (Rutas y pases)<\/span><\/td>\n<td><span style=\"font-weight: 400\">Oficina principal Oficina<\/span><\/td>\n<td><span style=\"font-weight: 400\">de transporte del distrito<\/span><\/td>\n<td><\/td>\n<\/tr>\n<tr>\n<td><span style=\"font-weight: 400\">Problema con el maestro de clase<\/span><\/td>\n<td><span style=\"font-weight: 400\">Maestro<\/span><\/td>\n<td><span style=\"font-weight: 400\">Asistente del<\/span><\/td>\n<td><span style=\"font-weight: 400\">director<\/span><\/td>\n<\/tr>\n<tr>\n<td><span style=\"font-weight: 400\">Calendario de actividades escolares Corbatas<\/span><\/td>\n<td><span style=\"font-weight: 400\">Oficina Principal<\/span><\/td>\n<td><span style=\"font-weight: 400\">\u00a0<\/span><\/td>\n<td><span style=\"font-weight: 400\">\u00a0<\/span><\/td>\n<\/tr>\n<tr>\n<td><span style=\"font-weight: 400\">Asistencia financiera<\/span><\/td>\n<td><span style=\"font-weight: 400\">Trabajador social<\/span><\/td>\n<td><span style=\"font-weight: 400\">Director\/Subdirector<\/span><\/td>\n<td><span style=\"font-weight: 400\">\u00a0<\/span><\/td>\n<\/tr>\n<tr>\n<td><span style=\"font-weight: 400\">Servicio de<\/span><\/td>\n<td><span style=\"font-weight: 400\">alimentos Gerente de<\/span><\/p>\n<p><span style=\"font-weight: 400\">(359-4100)<\/span><\/td>\n<td><span style=\"font-weight: 400\">Oficina principal<\/span><\/td>\n<td><span style=\"font-weight: 400\">\u00a0<\/span><\/td>\n<\/tr>\n<tr>\n<td><span style=\"font-weight: 400\">Excursiones<\/span><\/td>\n<td><span style=\"font-weight: 400\">Maestra<\/span><\/td>\n<td><span style=\"font-weight: 400\">Directora<\/span><\/td>\n<td><span style=\"font-weight: 400\">\u00a0<\/span><\/td>\n<\/tr>\n<tr>\n<td><span style=\"font-weight: 400\">de Registro-<\/span><\/td>\n<td><span style=\"font-weight: 400\">(Sra. Dejno)<\/span><\/td>\n<td><span style=\"font-weight: 400\">\u00a0<\/span><\/td>\n<td><span style=\"font-weight: 400\">\u00a0<\/span><\/td>\n<\/tr>\n<tr>\n<td><span style=\"font-weight: 400\">Tarifas<\/span><\/td>\n<td><span style=\"font-weight: 400\">Oficina principal-\u00a0<\/span><\/p>\n<p><span style=\"font-weight: 400\">(Sra. Nottingham)<\/span><\/td>\n<td><span style=\"font-weight: 400\">\u00a0<\/span><\/td>\n<td><span style=\"font-weight: 400\">\u00a0<\/span><\/td>\n<\/tr>\n<tr>\n<td><span style=\"font-weight: 400\">Casilleros \/ Cerraduras<\/span><\/td>\n<td><span style=\"font-weight: 400\">Oficina principal- (Sra. Vaughn)<\/span><\/td>\n<td><span style=\"font-weight: 400\">\u00a0<\/span><\/td>\n<td><span style=\"font-weight: 400\">\u00a0<\/span><\/td>\n<\/tr>\n<tr>\n<td><span style=\"font-weight: 400\">Participaci\u00f3n escolar con agencias externas<\/span><\/td>\n<td><span style=\"font-weight: 400\">Consejero<\/span><\/td>\n<td><span style=\"font-weight: 400\">Trabajador social<\/span><\/td>\n<td><span style=\"font-weight: 400\">Subdirector\/ Director<\/span><\/td>\n<\/tr>\n<tr>\n<td><span style=\"font-weight: 400\">Preocupaciones de salud<\/span><\/td>\n<td><span style=\"font-weight: 400\">Enfermero escolar<\/span><\/td>\n<td><span style=\"font-weight: 400\">Consejero<\/span><\/td>\n<td><span style=\"font-weight: 400\">Subdirector\/ Director<\/span><\/td>\n<\/tr>\n<tr>\n<td><span style=\"font-weight: 400\">Pol\u00edticas\/ Procedimientos escolares<\/span><\/td>\n<td><span style=\"font-weight: 400\">Director<\/span><\/td>\n<td><span style=\"font-weight: 400\">\u00a0<\/span><\/td>\n<td><span style=\"font-weight: 400\">\u00a0<\/span><\/td>\n<\/tr>\n<tr>\n<td><span style=\"font-weight: 400\">Escuela de Verano<\/span><\/td>\n<td><span style=\"font-weight: 400\">Asistente del Director de la<\/span><\/td>\n<td><span style=\"font-weight: 400\">\u00a0<\/span><\/td>\n<td><span style=\"font-weight: 400\">\u00a0<\/span><\/td>\n<\/tr>\n<\/tbody>\n<\/table>\n<hr \/>\n<h2><b>Nombres de contacto y directorio telef\u00f3nico:<\/b><\/h2>\n<ul>\n<li style=\"font-weight: 400\"><span style=\"font-weight: 400\">Oficina principal: (262) 359-4460<\/span><\/li>\n<li style=\"font-weight: 400\"><span style=\"font-weight: 400\">Decano de Estudiantes:<\/span>\n<ul>\n<li><span style=\"font-weight: 400\">Mr. <\/span><a href=\"mailto:abushman@kusd.edu\"><span style=\"font-weight: 400\">Andy Bushman<\/span><\/a><span style=\"font-weight: 400\"> &#8211; 359-2615 (grado 6)<\/span><\/li>\n<li style=\"font-weight: 400\"><span style=\"font-weight: 400\">Mr. <\/span><a href=\"mailto:dglewen@kusd.edu\"><span style=\"font-weight: 400\">Daniel Glewen<\/span><\/a><span style=\"font-weight: 400\"> &#8211; 359-2615 (grado 7)<\/span><\/li>\n<li style=\"font-weight: 400\"><span style=\"font-weight: 400\">Mr. <\/span><a href=\"mailto:rgladem@kusd.edu\"><span style=\"font-weight: 400\">Rob Gladem<\/span><\/a><span style=\"font-weight: 400\"> &#8211; 359-2615 (grado 8)<\/span><\/li>\n<li style=\"font-weight: 400\"><\/li>\n<\/ul>\n<\/li>\n<li style=\"font-weight: 400\"><span style=\"font-weight: 400\">Consejeros:<\/span>\n<ul>\n<li><span style=\"font-weight: 400\">Sra. <\/span><a href=\"mailto:bmontee@kusd.edu\"><span style=\"font-weight: 400\">Babette Montee<\/span><\/a><span style=\"font-weight: 400\"> &#8211; 359-4469 (grado 6)<\/span><\/li>\n<li style=\"font-weight: 400\"><span style=\"font-weight: 400\">Sr.\u00a0 <\/span><a href=\"mailto:hlugo@kusd.edu\"><span style=\"font-weight: 400\">Hansel Lugo<\/span><\/a><span style=\"font-weight: 400\"> &#8211; 359-4468 (grado 7)<\/span><\/li>\n<li style=\"font-weight: 400\"><span style=\"font-weight: 400\">Sra. <\/span><a href=\"mailto:smhodges@kusd.edu\"><span style=\"font-weight: 400\">Shauna Hodges<\/span><\/a><span style=\"font-weight: 400\"> &#8211; 359-4466 (grado 8)<\/span><\/li>\n<li><span style=\"font-weight: 400\">Social Worker: Ms. <a href=\"mailto:tmalom@kusd.edu\">Taylor Malom<\/a> &#8211; 359-446<\/span><span style=\"font-weight: 400\">7<\/span><\/li>\n<\/ul>\n<\/li>\n<li style=\"font-weight: 400\"><span style=\"font-weight: 400\">Psic\u00f3loga escolar: Sra. <\/span><a href=\"mailto:kdonner@kusd.edu\"><span style=\"font-weight: 400\">Katie Donner<\/span><\/a><span style=\"font-weight: 400\">&#8211; 359-4066<\/span><\/li>\n<li style=\"font-weight: 400\"><span style=\"font-weight: 400\">Enfermera escolar: Sra. <\/span><a href=\"mailto:ldavidso@kusd.edu\"><span style=\"font-weight: 400\">Laura Davidson<\/span><\/a><span style=\"font-weight: 400\">&#8211; 359-2240<\/span><\/li>\n<li style=\"font-weight: 400\"><span style=\"font-weight: 400\">Servicio de alimentos: Sra. <\/span><a href=\"mailto:rbolyard@kusd.edu\"><span style=\"font-weight: 400\">Ruth Bolyard<\/span><\/a><span style=\"font-weight: 400\">&#8211; 359-4100<\/span><\/li>\n<li style=\"font-weight: 400\"><span style=\"font-weight: 400\">First Student Bus Company: 657-7155<\/span><\/li>\n<li style=\"font-weight: 400\"><span style=\"font-weight: 400\">Kenosha Transit (autob\u00fas urbano): 653-4287<\/span><\/li>\n<li style=\"font-weight: 400\"><span style=\"font-weight: 400\">Oficina de transporte de KUSD: 359-6391<\/span><\/li>\n<\/ul>\n","protected":false},"excerpt":{"rendered":"<p>Bullen Middle School 2804 39th Avenue Kenosha, WI 53144 Telephone: 262-359-4460 Fax: 262-359-3818 Principal: Matt St. Martin &#8211; mstmarti@kusd.edu Administrative Specialist: Beth Nottingham &#8211; bnotting@kusd.edu Whom should I contact?- Haga [&#8230;]\n","protected":false},"author":4839,"featured_media":0,"parent":13351,"menu_order":2,"comment_status":"closed","ping_status":"closed","template":"","meta":{"_acf_changed":false,"inline_featured_image":false,"footnotes":""},"class_list":["post-195","page","type-page","status-publish","hentry"],"acf":[],"_links":{"self":[{"href":"https:\/\/www.kusd.edu\/bullen\/wp-json\/wp\/v2\/pages\/195","targetHints":{"allow":["GET"]}}],"collection":[{"href":"https:\/\/www.kusd.edu\/bullen\/wp-json\/wp\/v2\/pages"}],"about":[{"href":"https:\/\/www.kusd.edu\/bullen\/wp-json\/wp\/v2\/types\/page"}],"author":[{"embeddable":true,"href":"https:\/\/www.kusd.edu\/bullen\/wp-json\/wp\/v2\/users\/4839"}],"replies":[{"embeddable":true,"href":"https:\/\/www.kusd.edu\/bullen\/wp-json\/wp\/v2\/comments?post=195"}],"version-history":[{"count":10,"href":"https:\/\/www.kusd.edu\/bullen\/wp-json\/wp\/v2\/pages\/195\/revisions"}],"predecessor-version":[{"id":16240,"href":"https:\/\/www.kusd.edu\/bullen\/wp-json\/wp\/v2\/pages\/195\/revisions\/16240"}],"up":[{"embeddable":true,"href":"https:\/\/www.kusd.edu\/bullen\/wp-json\/wp\/v2\/pages\/13351"}],"wp:attachment":[{"href":"https:\/\/www.kusd.edu\/bullen\/wp-json\/wp\/v2\/media?parent=195"}],"curies":[{"name":"wp","href":"https:\/\/api.w.org\/{rel}","templated":true}]}}